 s = 9 - 6. Suppose -2*g + 207 = -4*z - g, 3*g + s = 0. List the prime factors of z/(-6) - (-4)/12.
3
Let s(u) be the first derivative of 19*u**2/2 - 2*u - 24. Let m be (21/(-35))/((-2)/10). What are the prime factors of s(m)?
5, 11
Suppose 2435 = 2*c + 3*k, -4877 = -4*c + 4*k - 3*k. What are the prime factors of c?
23, 53
Let z = 100 + 457. List the prime factors of z.
557
Let x(z) = -50*z - 4. Suppose 3*a = j + 10 - 0, -2*a = 2*j - 12. Let f be x(j). Let s = -52 - f. List the prime factors of s.
2, 13
Let z(n) = n**3 - 5*n**2 + 4*n. Let v be z(-4). List the prime factors of (-15)/(-4)*v/(-15).
2, 5
Suppose -2319 = 3*j - 6657. What are the prime factors of j?
2, 3, 241
Suppose -13*l = -16*l + 105. Suppose 7*k - 63 - l = 0. List the prime factors of k.
2, 7
Suppose -15911 = -13*o + 1106. List the prime factors of o.
7, 11, 17
Suppose k - 508 = -3*t, 201 = -k - 2*t + 707. What are the prime factors of k?
2, 251
Let t = 16 + -35. Let g = 30 - t. List the prime factors of g.
7
Suppose 17*z - 3803 = -1338. List the prime factors of z.
5, 29
Suppose -57*s + 90006 = -681. List the prime factors of s.
37, 43
Let r(q) = q**3 - 12*q**2 - 14*q + 16. Let u be r(13). Let v be 6 + u + (-1 - 4). Suppose v*k - 7*k + 36 = 0. What are the prime factors of k?
2, 3
Let q(p) = 5*p + 2 - 12 - 1 + 2*p**2 - 4. What are the prime factors of q(4)?
37
Let i = 105 + -58. Suppose 3*b = 2*b - i. Let m = 74 + b. List the prime factors of m.
3
Let w(n) = -n**2 + 6*n. Let b be w(6). Let v be (-2 - -2)/(b - -1). Suppose v*c = c - 18. List the prime factors of c.
2, 3
Let f = -17 + 17. Suppose -x = -f*x - 2. Suppose -2*t - b = t - 47, 0 = -x*t - b + 30. List the prime factors of t.
17
Suppose -57*g + 59*g - 1416 = 0. List the prime factors of g.
2, 3, 59
Suppose 48*y + 2312 = 56*y. List the prime factors of y.
17
List the prime factors of 33/2*48/9.
2, 11
Suppose 5*j + b - 5990 = 900, 4*b = -5*j + 6905. What are the prime factors of j?
3, 17
Let z = 28 - 28. Suppose z = 3*h - h. Suppose -5*u - s + 215 = -2*s, h = -u + 2*s + 43. What are the prime factors of u?
43
Let y(l) = 2*l**2 + l + 1. Let d be y(5). Let v = d - -117. What are the prime factors of v?
173
Let o = -3 + 429. Suppose 2*i - 107 = -k + i, 4*k = -5*i + o. List the prime factors of k.
109
Suppose -3 = -x + 6. Let d = x + 11. Let z = 1 + d. List the prime factors of z.
3, 7
Suppose -22587 = -28*i + 1213. What are the prime factors of i?
2, 5, 17
Suppose 3*r = -0*r + 5*t + 153, 2*r - 2*t = 98. Suppose 5*d + 4*c - r = 0, 5*d = d - 2*c + 38. Suppose 0 = -3*m + 4*m - d. What are the prime factors of m?
2, 5
Suppose i - 729 = 3*q, 0 = -3*i - 6*q + 7*q + 2195. List the prime factors of i.
2, 3, 61
Let z = 612 + -409. List the prime factors of z.
7, 29
Let n(q) = q**2 + 3*q + 38. What are the prime factors of n(-10)?
2, 3
Suppose 2*t - 4*x = -0*x - 24, 5*t - x + 105 = 0. Let g = t - -16. What are the prime factors of (-15 - -17) + g/(-2)?
5
Let p = 85 - -67. Let w = p - 48. Suppose 0 = 2*s - 4*s + w. List the prime factors of s.
2, 13
Let c(m) = 2*m**2 + 8*m - 3. Suppose -3*v + 4 = -11. Suppose 0*o - v*o = -b + 26, -3*o = -2*b + 10. List the prime factors of c(o).
3, 7
Let o(v) be the first derivative of v**4/4 + 8*v**3/3 - 4*v**2 + 11*v + 4. Let q(b) = b**3 + 8*b**2 + 9*b + 5. Let g be q(-7). List the prime factors of o(g).
2
What are the prime factors of 3198 - -1 - (-1 + 13)?
3187
Let w = 50 - 40. Let i(l) = l - 10. Let a be i(w). Suppose a = -k - 3*k + 32. What are the prime factors of k?
2
Let s = 3996 - 2758. List the prime factors of s.
2, 619
Let f(g) = 51*g**2 - 4*g + 2. List the prime factors of f(-2).
2, 107
Suppose -4*q - 3*r = -8058, 36*r - 40*r + 10072 = 5*q. List the prime factors of q.
2, 3, 7
Suppose -q + 36 = -2*f - 48, -56 = f + 3*q. Let k = -40 - f. What are the prime factors of k?
2
Let f(i) be the second derivative of 7*i**3/6 + 33*i**2/2 - 13*i. Let q(p) = -15*p - 66. Let x(t) = -5*f(t) - 2*q(t). List the prime factors of x(-17).
2, 13
Suppose -d = -2*k + 393, 4*k = 2*k + 5*d + 405. What are the prime factors of k?
3, 5, 13
Let a(t) = 4*t**2 + 194*t + 85. What are the prime factors of a(-50)?
5, 7, 11
Suppose 5*g = -t + 13, g = 2*t - 2 + 9. What are the prime factors of g/((-4)/(-320)*6)?
2, 5
Let d(m) = 118*m - 4. Suppose 23 = 4*z - 5*l, -2*z + 4*z - 5*l - 19 = 0. Let b be d(z). What are the prime factors of (-4)/(-6) + b/12?
2, 5
Suppose 0 = -13*s + 10*s. Suppose s = y - 3*y + 3*q + 6, -y - 10 = 5*q. Suppose y*t - 47 = -t. What are the prime factors of t?
47
Let t be (44/(-55))/((-2)/5). Suppose -4*v - t*k = 28 - 106, 5*v + 4*k - 90 = 0. List the prime factors of v.
2, 11
Let h(r) = -2083*r**2 - 6*r - 11. Let d be h(-3). What are the prime factors of (4/(-6))/(7 - d/(-2676))?
223
What are the prime factors of 130/(-4)*210/(-25)?
3, 7, 13
Suppose -4*w + 29 = 9. Let m(b) = -6 + 0*b - 2*b + w*b - b. List the prime factors of m(8).
2, 5
Suppose -3*t = -5*t - 30. Let r = 73 + t. List the prime factors of (r/(-4))/((-1)/2).
29
Suppose o = 17 - 4. Suppose -3*m - 4*u + 9*u = -14, -4*m = -u - o. List the prime factors of m.
3
Let x(r) = r**3 - 9*r**2 - 6*r - 5. Let c be x(11). Suppose 0 = -2*n - 6, -3*n + c = w - 6*n. What are the prime factors of w?
2, 3
What are the prime factors of (7/2)/(1/1216)?
2, 7, 19
Let u = 7 + -4. Suppose 0 = -2*v - u*v + 35. Suppose -6 = -j + v. List the prime factors of j.
13
Let v be (-22)/(-7) - 7/49. Let n be 4/(-6)*-2*v. Suppose n*u + s - 93 = 2*u, 3*s - 15 = 0. List the prime factors of u.
2, 11
Let r = 35 - -137. What are the prime factors of r?
2, 43
Suppose -d - 3*y + 3207 = y, -y = -5. What are the prime factors of d?
3187
Let z be 20/6*(-540)/(-100). Suppose -2*d + d - n = -5, 4*n - z = -2*d. Suppose -3*b = -13 + d. List the prime factors of b.
2
Let j(l) = -5*l**2 - 3*l. Let y be j(-3). Let u be 7720/160 - ((-1)/(-4) + 1). Let s = y + u. List the prime factors of s.
11
Suppose 2*x = -3*x + 290. Let w = 184 + x. List the prime factors of w.
2, 11
Suppose 8 = 9*v - 7*v, -6185 = -5*g + 5*v. What are the prime factors of g?
17, 73
Let v = -82 + 95. Suppose 7*r = v*r - 444. List the prime factors of r.
2, 37
Suppose -14*h - 150 = -19*h. List the prime factors of (-40)/h*462/(-4).
2, 7, 11
Let x(v) = -v**3 - 4*v**2 - 12*v. Suppose 3*m + 30 = -4*f + f, 0 = m + 5. List the prime factors of x(f).
5, 17
What are the prime factors of (-84721)/(-63) - 7 - 4/(-18)?
2, 3, 223
Let u(s) = -8*s**2 + s**2 + s**2 + 13*s**2 + 2 - s**3. Let w be (-1)/((-13)/(-7) - 2). List the prime factors of u(w).
2
Let m be 22/(-154) - (-5154)/14. Suppose -4*z + 12*z - m = 0. List the prime factors of z.
2, 23
Let o be (36/(-16) + 3)*4. Suppose 145 = -o*r - 0*h + 5*h, 10 = 2*h. List the prime factors of 8/r + (-132)/(-10).
13
Let q(m) = -97*m + 208. What are the prime factors of q(-20)?
2, 3, 179
What are the prime factors of 16/9 + -2 - (-5591)/9?
3, 23
Let g(p) = p**3 - 20*p**2 + 14*p - 78. What are the prime factors of g(22)?
2, 599
Suppose 0 = 3*x - 10 - 29. Suppose x*u - 11*u - 548 = 0. List the prime factors of u.
2, 137
What are the prime factors of 52628/40 - (-15)/50?
2, 7, 47
Suppose -18 + 14 = -v. Suppose 4*k - 6*l - 9 = -3*l, -v*k - 5*l = -17. Suppose 2*q + k*q - 145 = 0. List the prime factors of q.
29
Let j = 396 + 550. What are the prime factors of j?
2, 11, 43
Let m be -1*(-3 - 4*-1). Let d be (-18 - -4)*(m - 1). Suppose -d = -5*q + 2. List the prime factors of q.
2, 3
Suppose -51*l = -49*l + m - 2775, -5*m = -5. List the prime factors of l.
19, 73
Let t(k) = k + 8. Let n be t(-7). Let z be (n + -4)*(-25)/15. Suppose -8*o = -3*o + 25, 2*o - 155 = -z*w. What are the prime factors of w?
3, 11
Suppose -5*s + 2*m + 8161 = 0, -4*s + 5*m + 1793 = -4729. What are the prime factors of s?
23, 71
Let w(o) = -123*o - 281. What are the prime factors of w(-11)?
2, 67
Let p(y) = 198*y - 778. List the prime factors of p(24).
2, 1987
Suppose u - 224 = -5*v, -2*u = 2*v - 0*v - 96. Suppose -48*i + v*i = -248. List the prime factors of i.
2, 31
Let j = 211 + 26. Suppose 2*l - j - 207 = 0. What are the prime factors of l?
2, 3, 37
Suppose -23*o + 20 = -18*o. Suppose -3 = a - c - 8, c + 14 = o*a. What are the prime factors of a?
3
Suppose -5*z = 102 + 13. Let b = z + 55. What are the prime factors of